79742806?
2, 3, 7, 281, 7901
What are the prime factors of 6293753887?
6293753887
What are the prime factors of 886702368?
2, 3, 9236483
What are the prime factors of 986043356?
2, 246510839
What are the prime factors of 1174218612?
2, 3, 7, 13978793
List the prime factors of 476932062.
2, 3, 4783, 16619
What are the prime factors of 211610407?
17, 929, 13399
List the prime factors of 438260462.
2, 219130231
List the prime factors of 254370024.
2, 3, 19, 61981
What are the prime factors of 7043258631?
3, 479, 1297, 3779
List the prime factors of 402559638.
2, 3, 13, 89, 103, 563
What are the prime factors of 2106832569?
3, 20327, 34549
List the prime factors of 13066280.
2, 5, 326657
List the prime factors of 653650129.
11, 2579, 23041
What are the prime factors of 84702968?
2, 7, 29, 7451
List the prime factors of 2001373459.
2441, 819899
List the prime factors of 5573368246.
2, 2786684123
What are the prime factors of 768296087?
13, 59099699
What are the prime factors of 54179994?
2, 3, 11, 820909
List the prime factors of 474066973.
29, 31, 527327
What are the prime factors of 304827270?
2, 3, 5, 11, 923719
List the prime factors of 2412692438.
2, 13, 92795863
List the prime factors of 188845859.
47, 4017997
List the prime factors of 1305523703.
11, 118683973
What are the prime factors of 1061462471?
577, 643, 2861
What are the prime factors of 88264735?
5, 13, 1357919
What are the prime factors of 35792566?
2, 17896283
List the prime factors of 202720693.
7, 4137157
List the prime factors of 8886019.
17, 522707
What are the prime factors of 384604388?
2, 7, 67, 439, 467
What are the prime factors of 56455048?
2, 13, 542837
List the prime factors of 107507336.
2, 23, 584279
What are the prime factors of 160860334?
2, 43, 1870469
What are the prime factors of 392807352?
2, 3, 7, 563, 4153
List the prime factors of 847713661.
28669, 29569
List the prime factors of 47719211.
1153, 41387
What are the prime factors of 382444422?
2, 3, 97, 657121
List the prime factors of 38728530.
2, 3, 5, 137, 349
List the prime factors of 688664804.
2, 19, 23, 79, 4987
List the prime factors of 66267123.
3, 13, 1699157
List the prime factors of 546852482.
2, 11, 191, 11831
What are the prime factors of 1025884459?
37, 27726607
What are the prime factors of 55034860?
2, 5, 23, 181, 661
List the prime factors of 437861959.
37, 2797, 4231
List the prime factors of 324016144.
2, 197, 102797
List the prime factors of 378084089.
378084089
What are the prime factors of 588127337?
7, 29, 2897179
What are the prime factors of 1395525288?
2, 3, 1129, 51503
What are the prime factors of 95247012?
2, 3, 7, 1133893
List the prime factors of 50014474.
2, 25007237
What are the prime factors of 63609891?
3, 19, 953, 1171
List the prime factors of 56565987.
3, 17, 191, 5807
What are the prime factors of 2064984100?
2, 5, 20649841
List the prime factors of 47955191.
43, 1115237
What are the prime factors of 28650206?
2, 13, 1101931
List the prime factors of 482246282.
2, 7, 2693, 12791
List the prime factors of 108644323.
5413, 20071
List the prime factors of 1997605206.
2, 3, 191, 193679
List the prime factors of 2222733184.
2, 7, 2480729
List the prime factors of 789246346.
2, 7, 56374739
What are the prime factors of 160859826?
2, 3, 8936657
What are the prime factors of 154577314?
2, 6719, 11503
List the prime factors of 6240646173.
3, 53, 39249347
What are the prime factors of 51016640?
2, 5, 131, 1217
List the prime factors of 28575459.
3, 11, 31, 9311
List the prime factors of 169722987.
3, 7, 661, 12227
What are the prime factors of 10575523?
7, 215827
List the prime factors of 321663042.
2, 3, 53, 167, 673
List the prime factors of 222461715.
3, 5, 7, 293, 1033
What are the prime factors of 598163411?
17, 43, 818281
What are the prime factors of 651949245?
3, 5, 14487761
What are the prime factors of 140739303?
3, 103, 563, 809
What are the prime factors of 290515685?
5, 67, 867211
What are the prime factors of 775613355?
3, 5, 11, 17, 113, 2447
What are the prime factors of 871900016?
2, 13, 269, 15583
List the prime factors of 49459988.
2, 12364997
What are the prime factors of 213849255?
3, 5, 14256617
What are the prime factors of 127620244?
2, 1327, 24043
What are the prime factors of 206432416?
2, 19, 339527
What are the prime factors of 10436494?
2, 5218247
List the prime factors of 645496643.
11, 5334683
What are the prime factors of 1312118937?
3, 145790993
What are the prime factors of 6264171?
3, 696019
List the prime factors of 6010317.
3, 37, 18049
List the prime factors of 4019687256.
2, 3, 13, 12883613
What are the prime factors of 6866093390?
2, 5, 13, 137, 385519
List the prime factors of 196305218.
2, 1013, 96893
List the prime factors of 2599919227.
97, 26803291
What are the prime factors of 19689532?
2, 4922383
List the prime factors of 184783255.
5, 43, 739, 1163
List the prime factors of 47144828.
2, 251, 46957
List the prime factors of 796879631.
401, 1987231
What are the prime factors of 701460109?
7, 100208587
What are the prime factors of 361233728?
2, 47, 120091
List the prime factors of 15808917.
3, 5269639
List the prime factors of 193242953.
4547, 42499
List the prime factors of 1265583163.
13, 113, 179, 4813
What are the prime factors of 20930233?
3881, 5393
List the prime factors of 1532349293.
41, 37374373
What are the prime factors of 7247329932?
2, 3, 603944161
List the prime factors of 55082480.
2, 5, 688531
What are the prime factors of 163723093?
163723093
What are the prime factors of 384709132?
2, 23, 31, 43, 3137
List the prime factors of 2769042964.
2, 43, 16099087
What are the prime factors of 3150330037?
433, 7275589
What are the prime factors of 24976973?
7, 157, 22727
What are the prime factors of 1360349554?
2, 17, 1579, 25339
What are the prime factors of 112033479?
3, 1847, 20219
List the prime factors of 25985521.
19, 223, 6133
List the prime factors of 424031939.
29, 383, 38177
What are the prime factors of 8512320439?
7, 29, 1447, 28979
List the prime factors of 58751967.
3, 37, 61, 8677
What are the prime factors of 332906219?
61, 223, 24473
List the prime factors of 4100493303.
3, 19, 23979493
List the prime factors of 789193724.
2, 11, 17936221
List the prime factors of 29588268.
2, 3, 109, 22621
What are the prime factors of 23779891?
59, 403049
List the prime factors of 1786222256.
2, 7, 13, 1226801
What are the prime factors of 24152685?
3, 5, 1610179
List the prime factors of 89337234.
2, 3, 7, 2127077
What are the prime factors of 39369530?
2, 5, 29, 135757
List the prime factors of 6725907857.
4517, 1489021
What are the prime factors of 4642788950?
2, 5, 92855779
What are the prime factors of 61916361?
3, 13, 97, 1259
What are the prime factors of 687401427?
3, 911, 251519
What are the prime factors of 35853174?
2, 3, 7, 31, 67, 137
List the prime factors of 4718270124.
2, 3, 83, 239, 6607
List the prime factors of 57858890.
2, 5, 5785889
What are the prime factors of 166631663?
11, 15148333
What are the prime factors of 28774126?
2, 14387063
What are the prime factors of 2442287221?
11, 41, 5415271
List the prime factors of 564533025.
3, 5, 7, 17, 43, 1471
What are the prime factors of 212960302?
2, 106480151
What are the prime factors of 65630208?
2, 3, 7, 109
What are the prime factors of 63408287?
1319, 48073
What are the prime factors of 1015349521?
1283, 791387
List the prime factors of 485327364.
2, 3, 67, 603641
What are the prime factors of 4181173211?
263, 349, 45553
List the prime factors of 145142751.
3, 13, 701, 5309
What are the prime factors of 48939015?
3, 5, 3262601
List the prime factors of 172839915.
3, 5, 47, 71, 1151
List the prime factors of 1229388691.
25163, 48857
List the prime factors of 34368468.
2, 3, 47, 60937
What are the prime factors of 1410890170?
2, 5, 3079, 45823
What are the prime factors of 218140226?
2, 17, 599, 10711
What are the prime factors of 106464160?
2, 5, 11, 241, 251
What are the prime factors of 83444483?
17, 23, 101, 2113
List the prime factors of 53039445.
3, 5, 41, 86243
What are the prime factors of 85342773?
3, 53, 373, 1439
What are the prime factors of 24871964?
2, 13, 97, 4931
List the prime factors of 203198158.
2, 7687, 13217
What are the prime f